?
3, 7
Let f be (-2)/(-1)*1/2 - -2. Suppose k - f = -15. Let r(u) = -u**2 - 19*u - 16. What are the prime factors of r(k)?
2, 17
Let g(p) = p**3 + 26*p**2 + 20*p + 55. Let z be (-5 + 15)/(-100) - 249/10. List the prime factors of g(z).
2, 3, 5
Let p = -230 + 234. Suppose -6752 = -5*i + p*a, a = -i - 3*i + 5410. What are the prime factors of i?
2, 13
Let g = 62894 - 37477. What are the prime factors of g?
7, 3631
Let b(v) = -137*v + 80. Let x be b(-19). Let q = x - 1887. List the prime factors of q.
2, 199
Suppose 0 = 4*x + u - 94, 5*x + u - 87 - 30 = 0. Suppose 0 = 21*k - x*k + 36. Suppose -22*v + 200 = -k*v. What are the prime factors of v?
2, 5
Let c(n) = n**3 - 6*n**2 + 3*n + 2. Let q = -38 - -44. Let i be c(q). Let u = 32 - i. List the prime factors of u.
2, 3
Suppose -7*f = 58383 + 183222. What are the prime factors of -4*4/128 + f/(-24)?
2, 719
Suppose -26*a + 30*a - 140 = 0. Let m(z) = -3 + a + z + 0*z. List the prime factors of m(8).
2, 5
Let q(g) be the second derivative of -2*g**3/3 - 9*g**2 + 28*g + 2. What are the prime factors of q(-13)?
2, 17
Suppose 9*h - 37267 = 13070. Suppose 20*g - h = 3*g. List the prime factors of g.
7, 47
Suppose -5*f - 16 = -21, 0 = 3*w + 5*f - 665. Let c = 1024 - w. List the prime factors of c.
2, 3, 67
Let r(v) = -4*v**2 + 4*v + 4. Let w be r(4). Let c be (-10)/(-4)*w/(-55). Suppose c*m - 25 = 39. What are the prime factors of m?
2
Let j(f) = 4*f**2 - 18*f - 6. Let m be j(6). Let q = 3 + 114. Suppose -3*v = m - q. What are the prime factors of v?
29
Let t = -6 + 9. Suppose t*h + 4*o = 2*h - 126, 462 = -4*h - 2*o. Let l = -71 - h. List the prime factors of l.
43
Let f = -6365 + 3130. List the prime factors of -4 + f/(-6) - 5/30.
5, 107
Let x(a) = -a**2 + 5*a + 1. Let q be x(2). Let i be 0/(-4 - (2 - q)). Suppose 4*p = -4*r + 328, -4*p + 3*r + 356 = -i*p. What are the prime factors of p?
2, 43
Suppose 0 = -3*n - 5*d + 24, -4*d + 8 + 4 = 0. Suppose 0 = -2*q + 3*a - n, -8*q = -3*q - 2*a - 20. Let b = q + 136. What are the prime factors of b?
2, 71
Let y(p) be the first derivative of 2*p**3/3 + 11*p**2 + 138*p - 24. What are the prime factors of y(-13)?
2, 5, 19
Let i be 1/(-8*(-3)/384). Suppose 2*p - z = 2466, -3*z - z + i = 0. What are the prime factors of p?
5, 13, 19
Let t = 142 + -139. Suppose -5*s - 4*u = -118, 2*u - 115 = -5*s - t*u. What are the prime factors of s?
2, 13
Let d be 10/35 - (5 - (-2064)/(-28)). Suppose d*k + 4 = 71*k. What are the prime factors of k?
2
Let i(w) = w**2 + 2*w. Let m be i(-2). Let t be m + ((-1)/1)/((-4)/20). Suppose 0 = -15*r + t*r + 1570. List the prime factors of r.
157
Let c(v) = 231*v + 18. Let b be c(5). Let h = b - 574. List the prime factors of h.
599
Let z(d) = -d**3 - 4*d**2 + 14*d + 17. Let v be z(-6). Suppose 4*u - a - 1460 = 1673, -v*u + 3929 = 3*a. Suppose 0*y + 4*y - u = 0. List the prime factors of y.
2, 7
Let n(t) = -4*t**3 - 21*t**2 + 13*t + 156. List the prime factors of n(-16).
2, 3, 11, 83
Let v(c) = 59*c**3 + c**2 - 1. Let j be v(1). Let w(i) = -i**3 + 4*i**2 + 4*i + 4. Let k be w(5). What are the prime factors of k - ((-20)/(-5) - j)?
2, 3
Suppose -221 - 1 = -p. Let l be (p + -1)/((-3)/(-3)). Suppose 4*f = -9*k + 4*k + l, 0 = 3*f + 3*k - 162. What are the prime factors of f?
7
Let j be 3 - -1 - (-830)/(-2). Let o = -289 - j. What are the prime factors of o?
2, 61
Suppose -2*y = -151 + 153. Suppose 6*c - p + 4 = 5*c, 5*p - 22 = 3*c. What are the prime factors of (-348)/c*(-8)/(-16)*y?
2, 3, 29
Let t be (-1027)/(-5) - (-2)/(-5). Let z = -888 - -1004. Suppose 0 = -r - 5*k + z, r + 54 - t = 2*k. List the prime factors of r.
3, 47
Let j = 21 - 18. Let h(v) = 3*v - 10*v - 3 - 6*v**2 - 5*v**j + 6*v. What are the prime factors of h(-3)?
3
Let t = 5518 - 2430. List the prime factors of t.
2, 193
Suppose 2*j + 2*s + 85 - 363 = 0, 541 = 4*j + s. Let x = j + -93. Suppose -x*o + 290 = -39*o. List the prime factors of o.
5, 29
Let q = -234 - -234. Suppose -160*i + 170*i - 6260 = q. What are the prime factors of i?
2, 313
Let n(z) = -44*z**3 - 3*z**2 + 42*z + 59. What are the prime factors of n(-7)?
2, 5, 1471
What are the prime factors of 8192 - ((-9)/18)/1*(-12)/3?
2, 3, 5, 7, 13
Suppose -k = -4*l - 25, 8*l - 15 = 2*k + 13*l. Suppose -5*y + 5*r + 365 = -y, 452 = k*y - 2*r. List the prime factors of y.
2, 3, 5
Let l be -7 + (372 - -5) - (3 + 1). Suppose -4*t + l = 2*t. What are the prime factors of t - 8 - 2*-1?
5, 11
Let y(d) = 18*d + 98. Suppose -4*f - 42 = -s, -4*s - 63 = -8*s - 5*f. What are the prime factors of y(s)?
2, 13, 19
Suppose -47*z - 50*z = -208425 - 2540652. List the prime factors of z.
3, 47, 67
Let c(m) = 2*m + 39. Let f be c(-17). Suppose f + 23 = 2*y. Suppose -4*q - y = -142. List the prime factors of q.
2
Let b(n) = n + 12. Let r be ((-9)/(-6))/((-4)/40). Let f be b(r). What are the prime factors of (9/5 + f)*-40?
2, 3
Suppose -2*l = 4*o - 3*l + 592, -740 = 5*o + 4*l. Let f = 285 + o. What are the prime factors of f?
137
Let t = 5974 + -3365. What are the prime factors of t?
2609
What are the prime factors of (20/12)/(180/1195344)?
2, 2767
Let s(b) = -5*b**3 - 38*b**2 - 25*b + 21. Let d(i) = 3*i**3 + 25*i**2 + 16*i - 14. Let m(r) = -8*d(r) - 5*s(r). What are the prime factors of m(13)?
5, 19
Let v = -89 + 91. Let g(s) = 21*s**3 - s**2 + s + 3. List the prime factors of g(v).
13
List the prime factors of (-9 + 6)*3*25734/(-54).
4289
What are the prime factors of (-109624)/(-7) - (-663)/1547?
15661
List the prime factors of (2/28 - 0) + (-36 - 6348575/(-854)).
2, 3, 137
Suppose 17790 = -18*c + 134052. List the prime factors of c.
3, 2153
Let n = -59 - -63. Suppose 131 = i - 2*m, n*m + 392 = 3*i - m. List the prime factors of i.
3, 43
Suppose -185 = -17*a + 16101. List the prime factors of a.
2, 479
Suppose -5*c - 1980 = -3*b, -2*b + 10 - 20 = 0. List the prime factors of 3/2*19/(c/(-7364)).
2, 263
Let n be (-2)/((-4)/(-2))*-2. Let i(l) be the third derivative of l**6/120 + l**5/60 - l**3/6 - 178*l**2. What are the prime factors of i(n)?
11
Let i = 165 - 40. Suppose 0 = i*s - 126*s + 120. What are the prime factors of s?
2, 3, 5
Suppose 50*c - 288557 = -14*c + 1195731. List the prime factors of c.
2, 13, 223
Suppose -14827 + 54267 = 17*c. Suppose 5*a + c = 10*a. What are the prime factors of a?
2, 29
Let q(i) = 7 - i**3 + 4 - 7*i + 7 - 3*i**2 - 24. What are the prime factors of q(-3)?
3, 5
Suppose -3*y = -4*v - 24, 2*y + 0*y + 5*v - 39 = 0. Let h = -45 - y. Let l = -28 - h. What are the prime factors of l?
29
Let c be ((-24)/(-20))/(2/(-60)). Let g = c + 45. Suppose -g*v = -4*v - 660. What are the prime factors of v?
2, 3, 11
Let l(o) = 15*o**3 + 6*o**2 + 7*o + 3. Let p be l(-4). Let f = p - -1484. List the prime factors of f.
5, 7, 17
Let s = 30626 - 13128. List the prime factors of s.
2, 13, 673
Suppose 4*c + 90 - 26 = 0. Let i be c/20*1*-5. Suppose i*v + 12 = 0, -93 = -3*b - 4*v + v. What are the prime factors of b?
2, 17
Let f(u) = u**2 + 10*u + 28. Let r be f(-5). List the prime factors of r + (-12)/15*915/(-2).
3, 41
Let m be (-19 - -17)*(0 - 86). Suppose 5*z = 9*z + m. Let h = 130 + z. What are the prime factors of h?
3, 29
Let n(z) = -z**3 + 15*z**2 + 5*z - 75. Let g be n(15). Let s = 28 - 23. Suppose g = s*v + 4*q - 900, 0 = -q - q. What are the prime factors of v?
2, 3, 5
Let s(g) = -11*g - 35. Let v(x) = -6*x - 17. Let q(h) = -6*s(h) + 13*v(h). Suppose -2*o - 20 + 4 = 0. What are the prime factors of q(o)?
5, 17
Suppose -y = -8*a + 10*a - 13845, 3*a + 69251 = 5*y. List the prime factors of y.
11, 1259
Suppose 0 = -3*o + o + 6. Suppose 2*y - 59 = -o*y - 3*r, 0 = r + 2. List the prime factors of y.
13
Let y = 534 - 533. What are the prime factors of y - 21/24 - 14798/(-16)?
5, 37
Suppose 38*a - 6963 = 27*a. Suppose -10272 + a = -7*v. List the prime factors of v.
3, 17
Suppose 10*p + 30*p - 173184 = -42*p. List the prime factors of p.
2, 3, 11
Let r(p) = -101*p + 135*p - 64*p - 238. What are the prime factors of r(-11)?
2, 23
Suppose 5*g - 39568 = -r - 2242, -3 = -3*g. What are the prime factors of r?
37321
Let d(r) = -25*r + 43. Let s = -234 + 215. What are the prime factors of d(s)?
2, 7, 37
Suppose 10*f + 19 + 21 = 0. Let j be (-1796)/18 + f/18. List the prime factors of 2 + j/45 + (-920)/(-9).
2, 3, 17
Let c(w) = -198*w - 7. Let d